{"id":155,"date":"2025-04-14T15:24:30","date_gmt":"2025-04-14T15:24:30","guid":{"rendered":"http:\/\/www.complexmed.pl\/?page_id=155"},"modified":"2025-06-10T17:31:04","modified_gmt":"2025-06-10T17:31:04","slug":"dlaczego-my","status":"publish","type":"page","link":"http:\/\/www.complexmed.pl\/?page_id=155","title":{"rendered":"DLACZEGO MY?"},"content":{"rendered":"\n<p><strong>&nbsp;<\/strong><\/p>\n\n\n\n<figure class=\"wp-block-image size-full is-resized\"><img loading=\"lazy\" decoding=\"async\" width=\"206\" height=\"78\" src=\"http:\/\/www.complexmed.pl\/wp-content\/uploads\/2025\/06\/nfz-1.jpg\" alt=\"\" class=\"wp-image-170\" style=\"width:132px;height:auto\"\/><\/figure>\n\n\n\n<p><strong>Wsp\u00f3\u0142pracujemy jako podmiot leczniczy z Narodowym Funduszem&nbsp;Zdrowia, co gwarantuje wysoki poziom \u015bwiadcze\u0144 oraz spe\u0142nienie przez plac\u00f3wk\u0119 wszystkich ostrych kryteri\u00f3w okre\u015blonych w odpowiednich przepisach.<\/strong><\/p>\n\n\n\n<figure class=\"wp-block-image size-full is-resized\"><img loading=\"lazy\" decoding=\"async\" width=\"460\" height=\"419\" src=\"http:\/\/www.complexmed.pl\/wp-content\/uploads\/2025\/05\/KIF_znak_PIONOWY-01.png\" alt=\"\" class=\"wp-image-159\" style=\"width:133px;height:auto\" srcset=\"http:\/\/www.complexmed.pl\/wp-content\/uploads\/2025\/05\/KIF_znak_PIONOWY-01.png 460w, http:\/\/www.complexmed.pl\/wp-content\/uploads\/2025\/05\/KIF_znak_PIONOWY-01-300x273.png 300w\" sizes=\"auto, (max-width: 460px) 100vw, 460px\" \/><\/figure>\n\n\n\n<p><strong>Oczywi\u015bcie jeste\u015bmy zrzeszeni w Krajowej Izbie Fizjoterapeutycznej i posiadamy prawa wykonywania zawodu &#8211; zach\u0119camy do sprawdzenia tego faktu na stronach <\/strong><a href=\"http:\/\/www.kif.info.pl\/rejestr\">www.kif.info.pl\/rejestr<\/a><\/p>\n\n\n<div class=\"wp-block-image\">\n<figure class=\"aligncenter size-large is-resized\"><img loading=\"lazy\" decoding=\"async\" width=\"485\" height=\"1024\" src=\"http:\/\/www.complexmed.pl\/wp-content\/uploads\/2024\/11\/20240123_152027-485x1024.jpg\" alt=\"\" class=\"wp-image-111\" style=\"width:305px;height:auto\" srcset=\"http:\/\/www.complexmed.pl\/wp-content\/uploads\/2024\/11\/20240123_152027-485x1024.jpg 485w, http:\/\/www.complexmed.pl\/wp-content\/uploads\/2024\/11\/20240123_152027-142x300.jpg 142w, http:\/\/www.complexmed.pl\/wp-content\/uploads\/2024\/11\/20240123_152027-768x1623.jpg 768w, http:\/\/www.complexmed.pl\/wp-content\/uploads\/2024\/11\/20240123_152027-727x1536.jpg 727w, http:\/\/www.complexmed.pl\/wp-content\/uploads\/2024\/11\/20240123_152027-969x2048.jpg 969w, http:\/\/www.complexmed.pl\/wp-content\/uploads\/2024\/11\/20240123_152027-scaled.jpg 1211w\" sizes=\"auto, (max-width: 485px) 100vw, 485px\" \/><\/figure>\n<\/div>\n\n\n<hr class=\"wp-block-separator has-alpha-channel-opacity\"\/>\n\n\n\n<p><strong>ZABIEGI FINANSOWANE PRZEZ NFZ<\/strong><\/p>\n\n\n\n<figure class=\"wp-block-image size-full is-resized\"><img loading=\"lazy\" decoding=\"async\" width=\"206\" height=\"78\" src=\"http:\/\/www.complexmed.pl\/wp-content\/uploads\/2025\/06\/nfz-1.jpg\" alt=\"\" class=\"wp-image-170\" style=\"width:137px;height:auto\"\/><\/figure>\n\n\n\n<p>Nasza plac\u00f3wka \u015bwiadczy us\u0142ugi z zakresu szeroko poj\u0119tej rehabilitacji ambulatoryjnej i masa\u017cu medycznego zgodnie z podpisan\u0105 umow\u0105 z Narodowym Funduszem Zdrowia. Oznacza to, \u017ce pacjenci mog\u0105 korzysta\u0107 z tych \u015bwiadcze\u0144 nieodp\u0142atnie (w zakresie limitu przyj\u0119\u0107 okre\u015blonym przez NFZ w umowie z nasz\u0105 plac\u00f3wk\u0105).&nbsp;<\/p>\n\n\n\n<p>Niestety, z uwagi na ogromne zapotrzebowanie i ograniczenia okre\u015blone przez NFZ, cz\u0119sto termin rozpocz\u0119cia zabieg\u00f3w jest odleg\u0142y.&nbsp;<\/p>\n\n\n\n<p>Aby skorzysta\u0107 z zabieg\u00f3w refundowanych niezb\u0119dne jest przed\u0142o\u017cenie skierowania na zabiegi rehabilitacji ambulatoryjnej od lekarza ( osobi\u015bcie lub telefonicznie ). Takie skierowanie jest wa\u017cne 1 miesi\u0105c od momentu wystawienia przez lekarza do momentu rejestracji w plac\u00f3wce \u015bwiadcz\u0105cej tego rodzaju us\u0142ugi.<\/p>\n\n\n\n<figure class=\"wp-block-image size-large\"><img loading=\"lazy\" decoding=\"async\" width=\"1024\" height=\"485\" src=\"http:\/\/www.complexmed.pl\/wp-content\/uploads\/2024\/11\/20240123_151418-1024x485.jpg\" alt=\"\" class=\"wp-image-94\" srcset=\"http:\/\/www.complexmed.pl\/wp-content\/uploads\/2024\/11\/20240123_151418-1024x485.jpg 1024w, http:\/\/www.complexmed.pl\/wp-content\/uploads\/2024\/11\/20240123_151418-300x142.jpg 300w, http:\/\/www.complexmed.pl\/wp-content\/uploads\/2024\/11\/20240123_151418-768x364.jpg 768w, http:\/\/www.complexmed.pl\/wp-content\/uploads\/2024\/11\/20240123_151418-1536x728.jpg 1536w, http:\/\/www.complexmed.pl\/wp-content\/uploads\/2024\/11\/20240123_151418-2048x971.jpg 2048w\" sizes=\"auto, (max-width: 1024px) 100vw, 1024px\" \/><\/figure>\n\n\n\n<hr class=\"wp-block-separator has-alpha-channel-opacity\"\/>\n\n\n\n<p><strong>ZABIEGI PE\u0141NOP\u0141ATNE<\/strong><\/p>\n\n\n\n<figure class=\"wp-block-image size-full is-resized\"><img loading=\"lazy\" decoding=\"async\" width=\"469\" height=\"250\" src=\"http:\/\/www.complexmed.pl\/wp-content\/uploads\/2025\/06\/masazdjecie.jpg\" alt=\"\" class=\"wp-image-173\" style=\"width:131px;height:auto\" srcset=\"http:\/\/www.complexmed.pl\/wp-content\/uploads\/2025\/06\/masazdjecie.jpg 469w, http:\/\/www.complexmed.pl\/wp-content\/uploads\/2025\/06\/masazdjecie-300x160.jpg 300w\" sizes=\"auto, (max-width: 469px) 100vw, 469px\" \/><\/figure>\n\n\n\n<p>Do dyspozycji pacjent\u00f3w s\u0105 r\u00f3wnie\u017c zabiegi odp\u0142atne. W przypadku tego rodzaju zabieg\u00f3w nie ma okresu oczekiwania, wszystkie zabiegi odbywaj\u0105 si\u0119 na bie\u017c\u0105co. Aby z nich skorzysta\u0107 wystarczy zarejestrowa\u0107 si\u0119 telefonicznie ( 508 338 385 ), mailowo (<a href=\"mailto:gabinet@complexmed.pl\">gabinet@complexmed.pl<\/a> ) lub osobi\u015bcie. Obowi\u0105zuje cennik \u015bwiadcze\u0144, kt\u00f3ry znajduje si\u0119 w naszej plac\u00f3wce. W przypadku zabieg\u00f3w odp\u0142atnych nie jest konieczne posiadanie skierowania od lekarza. Terapeuci wsp\u00f3lnie z pacjentem ustalaj\u0105 zindywidualizowany harmonogram zabieg\u00f3w, w zale\u017cno\u015bci od jednostki chorobowej, stanu pacjenta oraz innych czynnik\u00f3w medycznych.<\/p>\n\n\n\n<p>Rozpocz\u0119cie leczenia zawsze poprzedzone jest wnikliwym wywiadem oraz odpowiedni\u0105 diagnostyk\u0105. W trakcie sesji zabiegowych wprowadzane s\u0105 ewentualne korekty do pierwotnych za\u0142o\u017ce\u0144 terapii &#8211; zawsze interesuje nas uzyskanie jak najlepszej skuteczno\u015bci terapeutycznej. Wykorzystuj\u0105c najnowocze\u015bniejszy sprz\u0119t i opieraj\u0105c si\u0119 na wiedzy i do\u015bwiadczeniu do tej pory udaje si\u0119 naszemu zespo\u0142owi te za\u0142o\u017cenia realizowa\u0107.<\/p>\n\n\n\n<p>Jeste\u015bmy do dyspozycji codziennie, ch\u0119tnie odpowiemy na pytania drog\u0105 telefoniczn\u0105 (&nbsp; <strong>508 338 385<\/strong> ), mailow\u0105 (&nbsp; <strong><a href=\"mailto:gabinet@complexmed.pl\">gabinet@complexmed.pl<\/a><\/strong>&nbsp;) lub na miejscu w naszym Centrum <strong>w Nysie przy ul. Piastowskiej 39.<\/strong><\/p>\n\n\n\n<figure class=\"wp-block-image size-large\"><img loading=\"lazy\" decoding=\"async\" width=\"1024\" height=\"485\" src=\"http:\/\/www.complexmed.pl\/wp-content\/uploads\/2024\/11\/20240123_150940-1024x485.jpg\" alt=\"\" class=\"wp-image-71\" srcset=\"http:\/\/www.complexmed.pl\/wp-content\/uploads\/2024\/11\/20240123_150940-1024x485.jpg 1024w, http:\/\/www.complexmed.pl\/wp-content\/uploads\/2024\/11\/20240123_150940-300x142.jpg 300w, http:\/\/www.complexmed.pl\/wp-content\/uploads\/2024\/11\/20240123_150940-768x363.jpg 768w, http:\/\/www.complexmed.pl\/wp-content\/uploads\/2024\/11\/20240123_150940-1536x727.jpg 1536w, http:\/\/www.complexmed.pl\/wp-content\/uploads\/2024\/11\/20240123_150940-2048x969.jpg 2048w\" sizes=\"auto, (max-width: 1024px) 100vw, 1024px\" \/><\/figure>\n\n\n\n<hr class=\"wp-block-separator has-alpha-channel-opacity\"\/>\n\n\n\n<p><strong>ZABIEGI W RAMACH PRYWATNYCH UBEZPIECZE\u0143<\/strong><\/p>\n\n\n\n<figure class=\"wp-block-image size-full is-resized\"><img loading=\"lazy\" decoding=\"async\" width=\"83\" height=\"109\" src=\"http:\/\/www.complexmed.pl\/wp-content\/uploads\/2025\/06\/www_complex.jpg\" alt=\"\" class=\"wp-image-172\" style=\"width:110px;height:auto\"\/><\/figure>\n\n\n\n<p>Jeste\u015bmy plac\u00f3wk\u0105 wsp\u00f3\u0142pracuj\u0105c\u0105 z wieloma ubezpieczycielami i centrami medycznymi. Je\u015bli posiadasz ubezpieczenie prywatnie lub w zak\u0142adzie pracy ( m.in. Allianz, Uniqa, Compensa, Polmed, PZU, Ergo Hestia, Signal Iduna, Generali, TU Zdrowie i inni ) albo masz wykupione pakiety medyczne ( m.in. LUXMED, MEDICOVER, ENEL-MED, Meedy ) skontaktuj si\u0119 z ich infolini\u0105 lub bezpo\u015brednio z nami &#8211; sprawd\u017a czy masz w ramach zakresu ubezpieczenia i pakiet\u00f3w dost\u0119p do fizjoterapii. Je\u015bli tak &#8211; zabiegi zrealizujesz u nas bezp\u0142atnie!<\/p>\n\n\n\n<figure class=\"wp-block-image size-large is-resized\"><img loading=\"lazy\" decoding=\"async\" width=\"1024\" height=\"512\" src=\"http:\/\/www.complexmed.pl\/wp-content\/uploads\/2025\/06\/Kopia-\u2013-Tablica-Rehabilitacja-20-x-10-cm-1024x512.jpg\" alt=\"\" class=\"wp-image-181\" style=\"width:417px;height:auto\" srcset=\"http:\/\/www.complexmed.pl\/wp-content\/uploads\/2025\/06\/Kopia-\u2013-Tablica-Rehabilitacja-20-x-10-cm-1024x512.jpg 1024w, http:\/\/www.complexmed.pl\/wp-content\/uploads\/2025\/06\/Kopia-\u2013-Tablica-Rehabilitacja-20-x-10-cm-300x150.jpg 300w, http:\/\/www.complexmed.pl\/wp-content\/uploads\/2025\/06\/Kopia-\u2013-Tablica-Rehabilitacja-20-x-10-cm-768x384.jpg 768w, http:\/\/www.complexmed.pl\/wp-content\/uploads\/2025\/06\/Kopia-\u2013-Tablica-Rehabilitacja-20-x-10-cm-1536x768.jpg 1536w, http:\/\/www.complexmed.pl\/wp-content\/uploads\/2025\/06\/Kopia-\u2013-Tablica-Rehabilitacja-20-x-10-cm.jpg 2000w\" sizes=\"auto, (max-width: 1024px) 100vw, 1024px\" \/><\/figure>\n\n\n\n<p>Cz\u0119sto wystarczy um\u00f3wi\u0107 si\u0119 u nas na konsultacj\u0119 fizjoterapeutyczn\u0105, na kt\u00f3rej ustalamy harmonogram zabieg\u00f3w, po zebraniu wywiadu i zapoznaniu si\u0119 z dokumentacj\u0105 medyczn\u0105. Nie trzeba wtedy umawia\u0107 si\u0119 dodatkowo u lekarza na wizyt\u0119, w celu wypisania skierowania na fizjoterapi\u0119\/rehabilitacj\u0119. Przychodzisz od razu do nas.  <\/p>\n\n\n\n<figure class=\"wp-block-image size-large\"><img loading=\"lazy\" decoding=\"async\" width=\"1024\" height=\"485\" src=\"http:\/\/www.complexmed.pl\/wp-content\/uploads\/2024\/11\/20240123_151013-1024x485.jpg\" alt=\"\" class=\"wp-image-74\" srcset=\"http:\/\/www.complexmed.pl\/wp-content\/uploads\/2024\/11\/20240123_151013-1024x485.jpg 1024w, http:\/\/www.complexmed.pl\/wp-content\/uploads\/2024\/11\/20240123_151013-300x142.jpg 300w, http:\/\/www.complexmed.pl\/wp-content\/uploads\/2024\/11\/20240123_151013-768x364.jpg 768w, http:\/\/www.complexmed.pl\/wp-content\/uploads\/2024\/11\/20240123_151013-1536x728.jpg 1536w, http:\/\/www.complexmed.pl\/wp-content\/uploads\/2024\/11\/20240123_151013-2048x971.jpg 2048w\" sizes=\"auto, (max-width: 1024px) 100vw, 1024px\" \/><\/figure>\n\n\n\n<hr class=\"wp-block-separator has-alpha-channel-opacity\"\/>\n\n\n\n<p><strong>Komfort i skuteczno\u015b\u0107<\/strong><\/p>\n\n\n\n<p>Ka\u017cdy pacjent w komfortowych warunkach mo\u017ce w naszej plac\u00f3wce zrealizowa\u0107 zabiegi z zakresu fizykoterapii, kinezyterapii i masa\u017cu zar\u00f3wno refundowane przez NFZ, jak i odp\u0142atne. Koncentrujemy si\u0119 na zapewnieniu skuteczno\u015bci w leczeniu, kt\u00f3re odbywa si\u0119 w przytulnych pomieszczeniach, w mi\u0142ej atmosferze, zapewniaj\u0105cej intymno\u015b\u0107 i prywatno\u015b\u0107. Fizjoterapeuci s\u0105 stale przy pacjentach, przekazuj\u0105 na bie\u017c\u0105co potrzebne wskaz\u00f3wki i zalecenia.<\/p>\n\n\n\n<p><strong>Diagnostyka i wywiad<\/strong><\/p>\n\n\n\n<p>Ca\u0142o\u015b\u0107 procesu leczenia zapocz\u0105tkowana jest odpowiedni\u0105 diagnostyk\u0105 i wywiadem medycznym, a prowadzenie odpowiedniej dokumentacji oraz korzystanie z nowoczesnych technik informatycznych pozwala na ci\u0105g\u0142e monitorowanie post\u0119p\u00f3w rehabilitacji i wprowadzanie odpowiednich zmian w harmonogramie leczenia.<\/p>\n\n\n\n<p><strong>Holistyczne podej\u015bcie<\/strong><\/p>\n\n\n\n<p>Ka\u017cdego pacjenta traktujemy podmiotowo, jako osobn\u0105 jednostk\u0119. Dla ka\u017cdego dostosowujemy odpowiednie post\u0119powanie terapeutyczne. Przeprowadzony \u015bci\u015ble okre\u015blony wywiad medyczny, pozwala nam na poznanie \u017ar\u00f3d\u0142a dolegliwo\u015bci i jego likwidowanie, a nie koncentrowanie si\u0119 wy\u0142\u0105cznie na objawach. Skuteczne leczenie to dotarcie i wyeliminowanie \u017ar\u00f3d\u0142a b\u00f3lu. Szukamy najskuteczniejszych dost\u0119pnych \u015brodk\u00f3w medycznych, popartych do\u015bwiadczeniem i wiedz\u0105, \u017ceby ca\u0142o\u015bciowo zaj\u0105\u0107 si\u0119 pacjentem i poprowadzi\u0107 go przez ca\u0142y proces rehabilitacji z dobrym skutkiem.<\/p>\n\n\n\n<p>Dodatkowo dajemy gotowe rozwi\u0105zania do wykorzystania w domu, \u017ceby leczenie by\u0142o jeszcze bardziej skuteczne.<\/p>\n\n\n\n<figure class=\"wp-block-image size-large\"><img loading=\"lazy\" decoding=\"async\" width=\"1024\" height=\"485\" src=\"http:\/\/www.complexmed.pl\/wp-content\/uploads\/2024\/11\/20240123_150751-1024x485.jpg\" alt=\"\" class=\"wp-image-65\" srcset=\"http:\/\/www.complexmed.pl\/wp-content\/uploads\/2024\/11\/20240123_150751-1024x485.jpg 1024w, http:\/\/www.complexmed.pl\/wp-content\/uploads\/2024\/11\/20240123_150751-300x142.jpg 300w, http:\/\/www.complexmed.pl\/wp-content\/uploads\/2024\/11\/20240123_150751-768x364.jpg 768w, http:\/\/www.complexmed.pl\/wp-content\/uploads\/2024\/11\/20240123_150751-1536x728.jpg 1536w, http:\/\/www.complexmed.pl\/wp-content\/uploads\/2024\/11\/20240123_150751-2048x971.jpg 2048w\" sizes=\"auto, (max-width: 1024px) 100vw, 1024px\" \/><\/figure>\n\n\n\n<p><strong>Do\u015bwiadczenie<\/strong><\/p>\n\n\n\n<p>Od 2001 roku zajmujemy si\u0119 leczeniem wielu dolegliwo\u015bci w ramach rehabilitacji ambulatoryjnej i domowej. Mamy niezb\u0119dne do\u015bwiadczenie w ustalaniu harmonogramu post\u0119powania terapeutycznego, wykorzystuj\u0105c wiedz\u0119 i najnowsze zdobycze technologiczno &#8211; sprz\u0119towe. Stosujemy wypracowane przez lata autorskie&nbsp;procedury medyczne, kt\u00f3re zapewniaj\u0105 najwy\u017csz\u0105 skuteczno\u015b\u0107 leczenia. Opieramy si\u0119 na zgodnych z obecn\u0105 wiedz\u0105 medyczn\u0105 metodach&nbsp;fizjoterapii, w\u0142\u0105czaj\u0105c najlepsze i najskuteczniejsze&nbsp;ich&nbsp;elementy w zindywidualizowany&nbsp;proces leczenia.&nbsp;<\/p>\n\n\n\n<p>Ca\u0142y czas si\u0119 rozwijamy, kszta\u0142cimy i podnosimy kwalifikacje dla Was !<\/p>\n\n\n\n<figure class=\"wp-block-image size-large\"><img loading=\"lazy\" decoding=\"async\" width=\"485\" height=\"1024\" src=\"http:\/\/www.complexmed.pl\/wp-content\/uploads\/2024\/11\/20240123_150714-485x1024.jpg\" alt=\"\" class=\"wp-image-61\" srcset=\"http:\/\/www.complexmed.pl\/wp-content\/uploads\/2024\/11\/20240123_150714-485x1024.jpg 485w, http:\/\/www.complexmed.pl\/wp-content\/uploads\/2024\/11\/20240123_150714-142x300.jpg 142w, http:\/\/www.complexmed.pl\/wp-content\/uploads\/2024\/11\/20240123_150714-768x1620.jpg 768w, http:\/\/www.complexmed.pl\/wp-content\/uploads\/2024\/11\/20240123_150714-728x1536.jpg 728w, http:\/\/www.complexmed.pl\/wp-content\/uploads\/2024\/11\/20240123_150714-971x2048.jpg 971w, http:\/\/www.complexmed.pl\/wp-content\/uploads\/2024\/11\/20240123_150714-scaled.jpg 1213w\" sizes=\"auto, (max-width: 485px) 100vw, 485px\" \/><\/figure>\n","protected":false},"excerpt":{"rendered":"<p>&nbsp; Wsp\u00f3\u0142pracujemy jako podmiot leczniczy z Narodowym Funduszem&nbsp;Zdrowia, co gwarantuje wysoki poziom \u015bwiadcze\u0144 oraz spe\u0142nienie przez plac\u00f3wk\u0119 wszystkich ostrych kryteri\u00f3w okre\u015blonych w odpowiednich przepisach. Oczywi\u015bcie&hellip;<\/p>\n","protected":false},"author":1,"featured_media":0,"parent":0,"menu_order":0,"comment_status":"closed","ping_status":"closed","template":"","meta":{"footnotes":""},"class_list":["post-155","page","type-page","status-publish","hentry"],"_links":{"self":[{"href":"http:\/\/www.complexmed.pl\/index.php?rest_route=\/wp\/v2\/pages\/155","targetHints":{"allow":["GET"]}}],"collection":[{"href":"http:\/\/www.complexmed.pl\/index.php?rest_route=\/wp\/v2\/pages"}],"about":[{"href":"http:\/\/www.complexmed.pl\/index.php?rest_route=\/wp\/v2\/types\/page"}],"author":[{"embeddable":true,"href":"http:\/\/www.complexmed.pl\/index.php?rest_route=\/wp\/v2\/users\/1"}],"replies":[{"embeddable":true,"href":"http:\/\/www.complexmed.pl\/index.php?rest_route=%2Fwp%2Fv2%2Fcomments&post=155"}],"version-history":[{"count":8,"href":"http:\/\/www.complexmed.pl\/index.php?rest_route=\/wp\/v2\/pages\/155\/revisions"}],"predecessor-version":[{"id":201,"href":"http:\/\/www.complexmed.pl\/index.php?rest_route=\/wp\/v2\/pages\/155\/revisions\/201"}],"wp:attachment":[{"href":"http:\/\/www.complexmed.pl\/index.php?rest_route=%2Fwp%2Fv2%2Fmedia&parent=155"}],"curies":[{"name":"wp","href":"https:\/\/api.w.org\/{rel}","templated":true}]}}